 = 7*b - 11*b + 5*c + 900, 0 = 4*b + 4*c - 864. Suppose 1463 = i + b. Is i a prime number?
False
Let v(p) = p**2 - 9*p + 5. Let x be ((-180)/(-40))/((-2)/(-4)*1). Let a be v(x). Is ((-83955)/(-12))/a - 6/24 prime?
True
Suppose 4*h = -5*r - 48743 - 8955, -4*h = 2*r + 23084. Let l = -4105 - r. Is l composite?
False
Suppose -5*q + 239*w - 238*w + 81832 = 0, 6 = 2*w. Is q composite?
True
Suppose -z + 0 - 2 = 0. Let x be z + 0 + -5398 + 0. Is 4 + -3 + -2 - x/3 a prime number?
False
Let o = -43004 + 139557. Is o composite?
False
Let b(u) = -25*u - 70. Let f be b(-9). Let w = 208 - f. Is w composite?
False
Let i(c) = 178*c**3 + c**2 - 5*c - 8. Let k be i(4). Let x = k + -5799. Is x prime?
True
Suppose 72*z + 1957861 = 7518601 + 6591492. Is z prime?
True
Suppose 111459445 = 448*u - 40718023 + 15138300. Is u prime?
False
Is 7 + 4 + (-4817334)/(-54) - 2/(-18) prime?
False
Let w(u) = 2245*u + 39. Let a(s) = -3368*s - 58. Let z(k) = -5*a(k) - 8*w(k). Is z(-3) composite?
True
Suppose 16 = -4*w - 3*j + 3, -5*w + j = 2. Is (w - (-510)/9)*(3 + 6) prime?
False
Let k = -189 + 191. Suppose 4*x = 2*t - 16098, 0 = 2*t - k*x - 8203 - 7905. Is t prime?
True
Let o(f) = f**3 + 16*f - 73. Let k be o(6). Suppose 0 = -5*h - a - 171, -3*a + 0*a + 99 = -3*h. Let i = h + k. Is i prime?
False
Suppose 75 + 136 = -u. Suppose -2*q + 5*x - 473 = -3*q, 423 = q - 5*x. Let a = q + u. Is a prime?
False
Let u be ((-4)/3)/((-1088)/(-108) + -10). Is u/(-21)*(-987)/(-6) a composite number?
True
Let l = -5409 + 42008. Suppose l = 7*q - 45140. Is q prime?
True
Let b = -2995 + 4579. Let n = b - 1063. Is n a prime number?
True
Let y(k) = 1031*k**2 + 48*k + 1248. Is y(-23) prime?
True
Suppose 0 = 2*o - 3*c - 29, -2*c - 14 = -4. Suppose -o*z = -13 - 1. Suppose -5*u - n + 2706 = -4*u, z*n + 2703 = u. Is u a composite number?
True
Let j(m) = -2*m + 39. Let r be (-92)/5 + 0 - 10/(-25). Let i be (3/(r/(-6)))/((-2)/(-26)). Is j(i) composite?
False
Let h = 1 - -13. Let i be (-9065)/(-147) + -3*(-4)/9. Is 2830/18 - h/i prime?
True
Is 1449844/3 - 23/(2484/36) prime?
True
Let m be (846 - -14)/4 - (-3 + -4). Let l = -9 + 29. Suppose -14*t = -l*t + m. Is t composite?
False
Let i = 6646 - 4691. Suppose 3*m + 656 = a, m = 3*a + 5*m - i. Let j = -400 + a. Is j prime?
False
Let h(x) = -2*x**2 - 48*x + 1. Let n be h(-24). Is (-27589)/(-141)*1*3*n a composite number?
False
Suppose -5*i + 4*q + 387131 = 0, 2*q = 3*i - 252902 + 20621. Is i a composite number?
False
Let m = 416 - 498. Is (-495485)/m + 6/(-4) a composite number?
True
Let d(w) be the first derivative of w**4/4 - 13*w**3/3 + 7*w**2 - 23*w - 10. Let x be d(12). Let c(h) = 157*h**3. Is c(x) composite?
False
Let x(f) = -52*f + 299. Let p(i) = -26*i + 149. Let y(q) = -9*p(q) + 4*x(q). Is y(10) a composite number?
True
Is 2*(-18)/(-24)*(-673926)/(-9) composite?
True
Suppose 0 = -16*d + 46 + 18. Suppose d*b - 2*b - 5903 = 5*f, 5*f + 25 = 0. Is b composite?
False
Let r(c) = 32*c**3 + c**2 - 56*c + 658. Is r(15) a composite number?
True
Suppose 3*t - 2*t = 2*k - 8, 4*t - 8 = 0. Let a(n) = 114*n + 540*n - 37 + 207*n + 417*n. Is a(k) composite?
False
Suppose -10*u + 1906080 = -5*w, -3*u + 0*w = -4*w - 571829. Is u a prime number?
True
Let o(x) = -2*x**3 - 8*x**2 - 4*x - 1. Let v be o(-4). Let t be v/(-45) - ((-6818)/6)/1. Suppose t + 1126 = 6*u. Is u prime?
False
Let b = -112 - -117. Suppose 909 = 2*l - b*w, -19*l - w + 1873 = -15*l. Is l prime?
True
Suppose -4*p + 10 = -4*t + 3*t, -14 = t - 5*p. Let z(d) = d**2 - 7*d - 2. Let b be z(t). Is ((-40)/(-15))/b*-3453 composite?
False
Let d be 642/24 + (-2)/(-8). Let t = -26 + d. Is (-5)/t*103/(-5) prime?
True
Let q be (-4 + (-12)/(-4))*3/(-1). Let v(p) = 97 + 4*p - 2*p**3 - 3*p + p**q + 0*p. Is v(0) prime?
True
Suppose 2*k - 102736 = -14*k. Suppose -6*j + 7*j - k = 0. Is j a composite number?
False
Let y(d) = -2342*d - 31. Suppose 54 = -11*c + 10. Is y(c) a prime number?
True
Let u be -8 + (-210)/(-27) + (-76)/(-18). Suppose 0 = i - x - 4193, 3*i - u*x + 4168 = 4*i. Suppose i + 739 = 13*z. Is z a prime number?
True
Let b(g) = -35 - 77*g + 143*g + 12*g**2 + 3*g**2 - 83*g. Is b(-8) prime?
True
Let r = -11 + 12. Suppose 5*m - 3*v = 21, -3*m + 2*v + r = 6*v. Suppose 5*a - 3*l - l = 4089, 5*a - m*l = 4093. Is a prime?
True
Suppose 525247 - 407778 - 1993368 = -17*i. Is i a composite number?
True
Let a = 1037 - -35. Suppose -3*q = -d - a, q - 28*d - 364 = -29*d. Is q a prime number?
True
Let q(d) = 3*d**3 - 12*d**2 + 16*d + 21. Suppose 4*a = 50 - 10. Is q(a) prime?
False
Let d be (-3)/(6/(-4)) + (16 - 10). Let z(r) = r**2 + 11*r - 4. Let q be z(d). Suppose 2*b - 90 = -4*l + q, -4*b = -l - 458. Is b composite?
True
Suppose 3*u = -d + 61012, 0 = -236*d + 243*d + 4*u - 427033. Is d a composite number?
True
Let x(b) = 2*b**3 - 9*b**2 + 35*b - 41. Is x(33) composite?
True
Suppose 3*f - 7 = -2*y - 199, -2*f = 2*y + 196. Let b = 4271 - y. Is b composite?
False
Suppose 3*f = 2*i + 8*f - 142782, -3*i = 2*f - 214184. Suppose 5*m = -21*m + i. Is m a prime number?
False
Let m(n) = 4982*n**2 - 5*n + 4. Let z(x) = -16*x - 63. Let y be z(-4). Is m(y) composite?
True
Suppose -72 = 55*p - 57*p. Suppose p*x + 4*x - 825320 = 0. Is x prime?
False
Suppose 85*o - 583475 = 74*o + 512202. Is o a prime number?
True
Let s = -1752 - -3283. Suppose 185 = 4*m - s. Let v = -170 + m. Is v composite?
True
Let l(g) = g**2 - 13*g + 25. Let v be l(10). Is (3 - 4)*-8044 + v a composite number?
False
Let g = 17 + 3. Let u = g + -34. Let r(x) = x**2 - 12*x + 17. Is r(u) prime?
False
Suppose -16*m + 4*m - 30*m = -4255818. Is m prime?
False
Let t(z) = 5108*z + 101. Let k(u) = -5107*u - 97. Let m(v) = 4*k(v) + 3*t(v). Is m(-8) composite?
True
Let l = -262602 + 485375. Is l prime?
True
Let w = 846518 + -392017. Is w a composite number?
False
Suppose 4*o + 43*i - 39*i = 22132, 0 = -3*o - 5*i + 16597. Let n = 10065 - o. Is n a composite number?
True
Suppose -u + 0*u = 3*i + 1133, -2*i + u - 762 = 0. Let o = i - -543. Suppose 15 = -3*a, -o = -5*c - 3*a + 6816. Is c a composite number?
False
Let v(i) = i**2 - 21*i - 45. Let u be v(23). Is ((-197)/u)/((-17)/119) a composite number?
True
Let d(x) = -x**2 + 7*x - 8. Let y be d(-12). Let p = y - 169. Let s = 1486 + p. Is s prime?
False
Suppose 80*c - 85*c + 134668 = 2*s, c = 4*s - 269358. Is s composite?
False
Let w(u) = 148 - 7*u - 5*u + 11*u + 14*u. Is w(-7) a prime number?
False
Let i(n) = 18*n**2 - 13*n**2 + 5 + 3*n - 7*n**2 - 15*n. Let t be i(-6). Suppose -r = y + 4*y - 2719, 5*y + t*r = 2735. Is y a prime number?
False
Let o(q) = q**2 - 11*q + 15. Let m be o(10). Suppose -m*v - 327 = -4*v. Let i = v + 562. Is i composite?
True
Suppose a + 13*a = 2*t - 59300, -5*a + 29614 = t. Is t prime?
True
Let x be (7/((-21)/6))/((-10)/65). Suppose x*r - 10730 = 50513. Is r composite?
True
Let l = -33062 - -100189. Is l prime?
False
Suppose 16 = -3*y + q - 0*q, q + 8 = -3*y. Is -3 + (-3 - y/4) + 1194 a prime number?
False
Suppose 21*s - 73545 = 6*s. Suppose 11*v + 2*w + s = 14*v, 5*v + 3*w = 8140. Is v prime?
False
Suppose 2217 = 7*u + 23*u - 390573. Is u composite?
False
Suppose 2*u + 16*u = u + 5479049. Is u a prime number?
False
Suppose -2*m - 3*m - 43886 = -2*p, 4*m - 2*p + 35110 = 0. Let b = m - -17277. Is b a prime number?
True
Suppose -3*n - 14*u + 163836 = -9*u, -2*u + 273079 = 5*n. Is n prime?
True
Let p(n) = -140*n - 25. Suppose -24 = -0*d + 4*d. Let u = d + -6. Is p(u) composite?
True
Let k(x) be the third derivative of 8*x**5/5 + x**4/24 - 7*x**3/6 + 5*x**2. Is k(2) prime?
True
Let y(c) = c**3 - 7*c**2 + 5*c + 43. Let x be y(6). Suppose -5*t + 31720 = 3*m, x*t + 5*m = 40*t - 18998. Is t composite?
True
Suppose -335*r + 333*r - m + 17692 = 0, 3*r - 4*m - 26505 = 0. Is r a composite number?
True
Suppose -4*x = 0, 2*z - x + 6*x = 0. Let u be (z - (-100)/(-6))*(-12 + 9). Suppose 5*l + u = 745. Is l prime?
True
Suppose 83*q = 80*q + 6. Is 17304/q - (-11 + (6 - 0)) a composite number?
True
Let q = -5 - -7. Let y = 651 - 659. Is 250 + q*(-4)/y composite?
False
Suppose 6*z - 3*m = 2*z + 28, 3*m = -z - 8. Suppose 0 = z*i + 10*i - 14518. Is i a prime number?
False
Let q = 120 + -118. Suppose -q*i = o - 1513, 5*i - 874 = -4*o + 2904. Is i prime?
False
Let b(o) be the second derivative of -529*o**3/3 - 15*o**2/2 + 34*o. I